{"id":215,"date":"2021-10-16T14:01:29","date_gmt":"2021-10-16T17:01:29","guid":{"rendered":"https:\/\/www.cmygper.org.ar\/_CM1\/?page_id=215"},"modified":"2024-09-03T19:37:13","modified_gmt":"2024-09-03T22:37:13","slug":"prensa","status":"publish","type":"page","link":"https:\/\/www.cmygper.org.ar\/_CM1\/prensa\/","title":{"rendered":"Noticias-antes"},"content":{"rendered":"\n<div class=\"wp-block-columns is-layout-flex wp-container-core-columns-is-layout-9d6595d7 wp-block-columns-is-layout-flex\">\n<div class=\"wp-block-column is-vertically-aligned-top is-layout-flow wp-block-column-is-layout-flow\">\n<div class=\"wp-block-media-text alignwide is-stacked-on-mobile\"><figure class=\"wp-block-media-text__media\"><img loading=\"lazy\" decoding=\"async\" width=\"384\" height=\"314\" src=\"https:\/\/www.cmygper.org.ar\/_CM1\/wp-content\/uploads\/2021\/10\/p2-384x314-1.jpg\" alt=\"\" class=\"wp-image-269 size-full\" srcset=\"https:\/\/www.cmygper.org.ar\/_CM1\/wp-content\/uploads\/2021\/10\/p2-384x314-1.jpg 384w, https:\/\/www.cmygper.org.ar\/_CM1\/wp-content\/uploads\/2021\/10\/p2-384x314-1-300x245.jpg 300w, https:\/\/www.cmygper.org.ar\/_CM1\/wp-content\/uploads\/2021\/10\/p2-384x314-1-73x60.jpg 73w\" sizes=\"auto, (max-width: 384px) 100vw, 384px\" \/><\/figure><div class=\"wp-block-media-text__content\">\n<p class=\"has-text-align-left\" style=\"font-size:11px\">Nos visitaron en nuestra casa los diputados Emilce Pross y Gustavo Guzm\u00e1n, con quienes mantuvimos una fruct\u00edfera reuni\u00f3n de trabajo. Nuestro agradecimiento a ambos por su visita! (06-06-2017)<br><br><strong><a href=\"https:\/\/www.cmygper.org.ar\/_CM1\/visita-de-diputados-06-2017\/\">Nota completa.<\/a><\/strong><\/p>\n<\/div><\/div>\n\n\n\n<p><\/p>\n<\/div>\n<\/div>\n\n\n\n<div class=\"wp-block-media-text alignwide has-media-on-the-right is-stacked-on-mobile\"><figure class=\"wp-block-media-text__media\"><img loading=\"lazy\" decoding=\"async\" width=\"384\" height=\"314\" src=\"https:\/\/www.cmygper.org.ar\/_CM1\/wp-content\/uploads\/2021\/10\/p1-384x314-1.jpg\" alt=\"\" class=\"wp-image-271 size-full\" srcset=\"https:\/\/www.cmygper.org.ar\/_CM1\/wp-content\/uploads\/2021\/10\/p1-384x314-1.jpg 384w, https:\/\/www.cmygper.org.ar\/_CM1\/wp-content\/uploads\/2021\/10\/p1-384x314-1-300x245.jpg 300w, https:\/\/www.cmygper.org.ar\/_CM1\/wp-content\/uploads\/2021\/10\/p1-384x314-1-73x60.jpg 73w\" sizes=\"auto, (max-width: 384px) 100vw, 384px\" \/><\/figure><div class=\"wp-block-media-text__content\">\n<p class=\"has-text-align-left\" style=\"font-size:11px\">Reuni\u00f3n entre el Diputado Provincial Pedro Baez y nuestro Presidente Jos\u00e9 Luis R\u00edos.  Gracias por recibirnos. (24-05-2017)<br>Nos visitaron  los diputados Emilce Pross y Gustavo Guzm\u00e1n. (06-06-2017)<br><br><strong><a href=\"https:\/\/www.cmygper.org.ar\/_CM1\/295-2\/\">Nota completa.<\/a><\/strong><\/p>\n<\/div><\/div>\n","protected":false},"excerpt":{"rendered":"<p>Nos visitaron en nuestra casa los diputados Emilce Pross y &hellip; <\/p>\n","protected":false},"author":1,"featured_media":0,"parent":0,"menu_order":0,"comment_status":"closed","ping_status":"closed","template":"templates\/portfolio.php","meta":{"footnotes":""},"class_list":["post-215","page","type-page","status-publish","hentry"],"_links":{"self":[{"href":"https:\/\/www.cmygper.org.ar\/_CM1\/wp-json\/wp\/v2\/pages\/215","targetHints":{"allow":["GET"]}}],"collection":[{"href":"https:\/\/www.cmygper.org.ar\/_CM1\/wp-json\/wp\/v2\/pages"}],"about":[{"href":"https:\/\/www.cmygper.org.ar\/_CM1\/wp-json\/wp\/v2\/types\/page"}],"author":[{"embeddable":true,"href":"https:\/\/www.cmygper.org.ar\/_CM1\/wp-json\/wp\/v2\/users\/1"}],"replies":[{"embeddable":true,"href":"https:\/\/www.cmygper.org.ar\/_CM1\/wp-json\/wp\/v2\/comments?post=215"}],"version-history":[{"count":13,"href":"https:\/\/www.cmygper.org.ar\/_CM1\/wp-json\/wp\/v2\/pages\/215\/revisions"}],"predecessor-version":[{"id":548,"href":"https:\/\/www.cmygper.org.ar\/_CM1\/wp-json\/wp\/v2\/pages\/215\/revisions\/548"}],"wp:attachment":[{"href":"https:\/\/www.cmygper.org.ar\/_CM1\/wp-json\/wp\/v2\/media?parent=215"}],"curies":[{"name":"wp","href":"https:\/\/api.w.org\/{rel}","templated":true}]}}