{"id":211,"date":"2021-10-16T14:00:07","date_gmt":"2021-10-16T17:00:07","guid":{"rendered":"https:\/\/www.cmygper.org.ar\/_CM1\/?page_id=211"},"modified":"2021-10-19T18:01:41","modified_gmt":"2021-10-19T21:01:41","slug":"zona-alumnos","status":"publish","type":"page","link":"https:\/\/www.cmygper.org.ar\/_CM1\/zona-alumnos\/","title":{"rendered":"Zona Alumnos"},"content":{"rendered":"\n<div class=\"wp-block-image\"><figure class=\"aligncenter size-large\"><img loading=\"lazy\" decoding=\"async\" width=\"1024\" height=\"595\" src=\"https:\/\/www.cmygper.org.ar\/_CM1\/wp-content\/uploads\/2021\/10\/mark-516278_1920-1024x595.jpg\" alt=\"\" class=\"wp-image-366\" srcset=\"https:\/\/www.cmygper.org.ar\/_CM1\/wp-content\/uploads\/2021\/10\/mark-516278_1920-1024x595.jpg 1024w, https:\/\/www.cmygper.org.ar\/_CM1\/wp-content\/uploads\/2021\/10\/mark-516278_1920-300x174.jpg 300w, https:\/\/www.cmygper.org.ar\/_CM1\/wp-content\/uploads\/2021\/10\/mark-516278_1920-768x446.jpg 768w, https:\/\/www.cmygper.org.ar\/_CM1\/wp-content\/uploads\/2021\/10\/mark-516278_1920-1536x892.jpg 1536w, https:\/\/www.cmygper.org.ar\/_CM1\/wp-content\/uploads\/2021\/10\/mark-516278_1920-103x60.jpg 103w, https:\/\/www.cmygper.org.ar\/_CM1\/wp-content\/uploads\/2021\/10\/mark-516278_1920.jpg 1900w\" sizes=\"auto, (max-width: 1024px) 100vw, 1024px\" \/><\/figure><\/div>\n\n\n\n<hr class=\"wp-block-separator\"\/>\n\n\n\n<p>Si sos alumno y ya est\u00e1s registrado en nuestra Base, ingres\u00e1 con el bot\u00f3n de abajo <br>poniendo tu <strong>usuario o email <\/strong>y <strong>password<\/strong>.<\/p>\n\n\n\n<div class=\"wp-block-columns is-layout-flex wp-container-core-columns-is-layout-9d6595d7 wp-block-columns-is-layout-flex\">\n<div class=\"wp-block-column is-layout-flow wp-block-column-is-layout-flow\">\n<div class=\"wp-block-image\"><figure class=\"aligncenter size-full is-resized\"><img loading=\"lazy\" decoding=\"async\" src=\"https:\/\/www.cmygper.org.ar\/_CM1\/wp-content\/uploads\/2021\/10\/material-estudio.jpg\" alt=\"\" class=\"wp-image-370\" width=\"209\" height=\"139\" srcset=\"https:\/\/www.cmygper.org.ar\/_CM1\/wp-content\/uploads\/2021\/10\/material-estudio.jpg 640w, https:\/\/www.cmygper.org.ar\/_CM1\/wp-content\/uploads\/2021\/10\/material-estudio-300x201.jpg 300w, https:\/\/www.cmygper.org.ar\/_CM1\/wp-content\/uploads\/2021\/10\/material-estudio-90x60.jpg 90w\" sizes=\"auto, (max-width: 209px) 100vw, 209px\" \/><figcaption><strong>Materiales de Estudio<\/strong><\/figcaption><\/figure><\/div>\n<\/div>\n\n\n\n<div class=\"wp-block-column is-layout-flow wp-block-column-is-layout-flow\">\n<div class=\"wp-block-image\"><figure class=\"aligncenter size-full is-resized\"><img loading=\"lazy\" decoding=\"async\" src=\"https:\/\/www.cmygper.org.ar\/_CM1\/wp-content\/uploads\/2021\/10\/video-conferencias.jpg\" alt=\"\" class=\"wp-image-371\" width=\"296\" height=\"177\" srcset=\"https:\/\/www.cmygper.org.ar\/_CM1\/wp-content\/uploads\/2021\/10\/video-conferencias.jpg 640w, https:\/\/www.cmygper.org.ar\/_CM1\/wp-content\/uploads\/2021\/10\/video-conferencias-300x180.jpg 300w, https:\/\/www.cmygper.org.ar\/_CM1\/wp-content\/uploads\/2021\/10\/video-conferencias-100x60.jpg 100w\" sizes=\"auto, (max-width: 296px) 100vw, 296px\" \/><figcaption><strong>Video Conferencias<\/strong><\/figcaption><\/figure><\/div>\n<\/div>\n\n\n\n<div class=\"wp-block-column is-layout-flow wp-block-column-is-layout-flow\">\n<div class=\"wp-block-image\"><figure class=\"aligncenter size-full is-resized\"><img loading=\"lazy\" decoding=\"async\" src=\"https:\/\/www.cmygper.org.ar\/_CM1\/wp-content\/uploads\/2021\/10\/clases-grabadas.jpg\" alt=\"\" class=\"wp-image-369\" width=\"214\" height=\"142\" srcset=\"https:\/\/www.cmygper.org.ar\/_CM1\/wp-content\/uploads\/2021\/10\/clases-grabadas.jpg 640w, https:\/\/www.cmygper.org.ar\/_CM1\/wp-content\/uploads\/2021\/10\/clases-grabadas-300x200.jpg 300w, https:\/\/www.cmygper.org.ar\/_CM1\/wp-content\/uploads\/2021\/10\/clases-grabadas-90x60.jpg 90w\" sizes=\"auto, (max-width: 214px) 100vw, 214px\" \/><figcaption><strong>Clases Grabadas<\/strong><\/figcaption><\/figure><\/div>\n<\/div>\n<\/div>\n\n\n\n<div class=\"wp-block-buttons is-content-justification-center is-layout-flex wp-block-buttons-is-layout-flex\">\n<div class=\"wp-block-button has-custom-width wp-block-button__width-50 is-style-outline is-style-outline--1\"><a class=\"wp-block-button__link has-white-color has-vivid-cyan-blue-background-color has-text-color has-background\" href=\"https:\/\/www.cmygper.org.ar\/_CM1\/login\/\" style=\"border-radius:11px\"><strong>Ingres\u00e1 ac\u00e1<\/strong><\/a><\/div>\n<\/div>\n\n\n\n<p>Nuestro Colegio dicta cursos para aspirantes a&nbsp;<strong>Mandatario del Automotor<\/strong>&nbsp;con los cuales es posible obtener matr\u00edcula provincial y nacional, para el ejercicio de la profesi\u00f3n.<\/p>\n\n\n\n<p>La modalidad es semi-presencial y virtual, y su duraci\u00f3n es de 6 meses.<\/p>\n\n\n\n<p id=\"greenID\"><strong>Si est\u00e1s interesado\/a en recibir esta informaci\u00f3n en forma pe<\/strong>r<strong>sonalizada, <a href=\"https:\/\/www.cmygper.org.ar\/_CM1\/capacitacion\/\">solo debes completar tu<\/a><\/strong><a href=\"https:\/\/www.cmygper.org.ar\/_CM1\/capacitacion\/\"><strong>s datos aqu\u00ed<\/strong><\/a>.<\/p>\n","protected":false},"excerpt":{"rendered":"<p>Si sos alumno y ya est\u00e1s registrado en nuestra Base, &hellip; <\/p>\n","protected":false},"author":1,"featured_media":0,"parent":0,"menu_order":0,"comment_status":"closed","ping_status":"closed","template":"templates\/portfolio.php","meta":{"footnotes":""},"class_list":["post-211","page","type-page","status-publish","hentry"],"_links":{"self":[{"href":"https:\/\/www.cmygper.org.ar\/_CM1\/wp-json\/wp\/v2\/pages\/211","targetHints":{"allow":["GET"]}}],"collection":[{"href":"https:\/\/www.cmygper.org.ar\/_CM1\/wp-json\/wp\/v2\/pages"}],"about":[{"href":"https:\/\/www.cmygper.org.ar\/_CM1\/wp-json\/wp\/v2\/types\/page"}],"author":[{"embeddable":true,"href":"https:\/\/www.cmygper.org.ar\/_CM1\/wp-json\/wp\/v2\/users\/1"}],"replies":[{"embeddable":true,"href":"https:\/\/www.cmygper.org.ar\/_CM1\/wp-json\/wp\/v2\/comments?post=211"}],"version-history":[{"count":11,"href":"https:\/\/www.cmygper.org.ar\/_CM1\/wp-json\/wp\/v2\/pages\/211\/revisions"}],"predecessor-version":[{"id":384,"href":"https:\/\/www.cmygper.org.ar\/_CM1\/wp-json\/wp\/v2\/pages\/211\/revisions\/384"}],"wp:attachment":[{"href":"https:\/\/www.cmygper.org.ar\/_CM1\/wp-json\/wp\/v2\/media?parent=211"}],"curies":[{"name":"wp","href":"https:\/\/api.w.org\/{rel}","templated":true}]}}